(v) = -2678*v - 18807. Determine z(-7).
-61
Let d(o) = -2768*o + 108331. What is d(39)?
379
Let p(w) = -5*w**3 + 6*w**2 - 119*w + 396. Determine p(3).
-42
Let a(q) = 988*q - 151173. Determine a(153).
-9
Let q(m) = -15*m**2 + 352*m - 1581. What is q(8)?
275
Let k(t) = t**3 - 66*t**2 + 405*t + 3518. Calculate k(58).
96
Let h(v) = 8679*v - 1926747. Give h(222).
-9
Let w(l) = 3*l**2 - 102*l - 127630. What is w(224)?
50
Let q(g) = -2*g**2 + 1306*g + 24151. What is q(-18)?
-5
Let h(w) = -25*w**2 + 763*w - 5666. What is h(13)?
28
Let v(t) = t**3 + 28*t**2 + 78*t + 430. Calculate v(-26).
-246
Let m(x) = -3*x**2 + 11602*x - 196600. What is m(17)?
-233
Let l(r) = 146767*r + 146683. Calculate l(-1).
-84
Let f(z) = 2*z**3 - 50*z**2 + 87*z + 89. What is f(25)?
2264
Let r(y) = 27*y**3 + 3*y**2 - 79*y + 118. What is r(2)?
188
Let b(y) = -y**3 - 21*y**2 - 1084*y - 6884. What is b(-7)?
18
Let m(y) = -y**3 + 1307*y**2 - 18118*y + 20685. Determine m(1293).
-3
Let n(q) = 3867*q - 96740. Determine n(25).
-65
Let q(s) = 17577*s + 123175. Determine q(-7).
136
Let z(y) = 159463*y + 4464969. Give z(-28).
5
Let h(s) = 666*s - 26826. Calculate h(40).
-186
Let o(t) = -4226*t**2 + 88749*t - 63. Determine o(21).
0
Let a(g) = -2*g**2 - 454*g - 2230. Determine a(-5).
-10
Let r(y) = 21*y**2 + 405*y + 465. Give r(-18).
-21
Let q(u) = -1228*u**2 - 8575*u + 125. Calculate q(-7).
-22
Let b(z) = -223*z - 508. Give b(-3).
161
Let m(b) = -b**2 - 1237*b + 8732. What is m(7)?
24
Let y(z) = -5*z**3 + 2853*z**2 + 1127*z + 8560. What is y(571)?
-5
Let j(d) = d**3 - 258*d**2 + 1820*d - 269020. What is j(255)?
5
Let c(f) = -900*f + 96269. Give c(109).
-1831
Let a(p) = 2*p**3 + 8*p**2 + 89*p + 1228. Calculate a(-11).
-1445
Let t(g) = -4*g**3 + 57*g**2 - 626*g + 8571. Determine t(14).
3
Let d(g) = -26*g**3 - 1951*g**2 - 261*g - 13957. Calculate d(-75).
-7
Let w(f) = f**2 + 1367*f + 403933. Calculate w(-432).
13
Let v(z) = 190*z + 14385. Calculate v(-74).
325
Let b(l) = -220*l**2 - 84707*l - 2685. Calculate b(-385).
10
Let k(o) = -4*o**3 + 315*o**2 + 392*o + 550. Calculate k(80).
-90
Let v(n) = n**2 - 8710*n + 2041004. What is v(241)?
-25
Let f(c) = -2*c**3 - 670*c**2 + 2725*c + 4409. Determine f(-339).
2
Let y(h) = -379*h**2 - 334654*h + 2644. Determine y(-883).
-5
Let u(r) = -3175*r - 41213. What is u(-13)?
62
Let o(k) = -4812*k + 38464. What is o(8)?
-32
Let r(x) = -6960*x + 1280633. Give r(184).
-7
Let a(t) = -t**3 - 3*t**2 + 509*t + 3424. Give a(-7).
57
Let y(j) = 8*j**3 + 13*j**2 + 466*j + 1711. Determine y(-4).
-457
Let q(j) = 166*j + 1431. Calculate q(-9).
-63
Let q(r) = -33264*r - 1896062. Give q(-57).
-14
Let c(t) = -11303*t + 644267. What is c(57)?
-4
Let z(p) = -2*p**2 - 153*p + 91. Give z(-65).
1586
Let z(o) = -o**3 - 405*o**2 - 1612*o - 29. Give z(-4).
3
Let y(p) = 5*p**2 + 194*p - 9414. Calculate y(-67).
33
Let k(c) = -25*c**3 - 276*c**2 + 315*c + 3558. Calculate k(-11).
-28
Let y(f) = -1289*f - 50267. Determine y(-39).
4
Let g(l) = -2*l**3 + 70*l**2 + 102*l - 1748. Give g(36).
-668
Let i(v) = -v**3 + 15*v**2 - 3526*v + 49192. Calculate i(14).
24
Let d(l) = -1415*l + 202324. Calculate d(143).
-21
Let w(n) = n**3 - 102*n**2 - 3633*n - 800. Give w(130).
110
Let u(k) = -k**2 - 12*k - 31. Determine u(7).
-164
Let a(l) = l**3 + 300*l**2 - 3115*l - 4651. Calculate a(-310).
-1
Let v(f) = -18*f**3 - 231*f**2 + 237*f - 2. Give v(1).
-14
Let o(w) = w**3 - 7*w**2 + 65*w - 1647. Calculate o(13).
212
Let z(b) = b**2 - 165*b + 6137. Determine z(51).
323
Let c(w) = 18373*w + 2609005. Calculate c(-142).
39
Let u(h) = 3*h**3 + 750*h**2 + 740*h - 1688. Determine u(-249).
55
Let a(n) = 3*n**3 - 46*n**2 + 531*n - 8967. Calculate a(16).
41
Let c(t) = 24054*t - 120157. Give c(5).
113
Let q(x) = -11*x**3 - 77*x**2 - 121*x + 10. Calculate q(-5).
65
Let s(d) = -81*d - 135. Calculate s(5).
-540
Let b(f) = 11*f**2 - 8*f - 27. Determine b(-3).
96
Let f(o) = 104*o**2 + 410*o + 10. Calculate f(-4).
34
Let f(c) = 15718*c + 46933. What is f(-3)?
-221
Let d(y) = 63193*y - 252682. Determine d(4).
90
Let k(w) = -3*w**2 - 348*w - 8060. Give k(-32).
4
Let s(g) = -g**3 - 52*g**2 + 501*g + 429. What is s(10)?
-761
Let p(i) = 2*i**3 - 55*i**2 + 107*i + 391. Determine p(25).
-59
Let f(g) = 844*g + 12467. Determine f(-15).
-193
Let x(s) = 2700*s - 777604. Determine x(288).
-4
Let s(o) = -14721*o + 44134. Give s(3).
-29
Let a(o) = 2342*o + 634691. Determine a(-271).
9
Let a(v) = -6*v**2 + 271*v - 2716. Calculate a(30).
14
Let v(f) = 10*f**2 - 177*f + 628. Determine v(14).
110
Let j(v) = 8044*v**2 - 72397*v + 22. Give j(9).
13
Let s(v) = -12*v**3 + 2*v**2 + 32*v + 1. Give s(-4).
673
Let y(j) = 7*j**2 + 151*j - 684. Determine y(4).
32
Let y(n) = 5*n**2 - 95*n + 2132. Calculate y(13).
1742
Let o(v) = -73*v**3 - 27*v**2 - 41*v - 15. Calculate o(-1).
72
Let f(v) = -3*v**2 + 692*v - 11906. Give f(17).
-1009
Let p(k) = -30*k**3 + 377*k**2 - 48*k - 6. Give p(12).
1866
Let t(i) = 4*i**2 - 42*i - 1038. Give t(-13).
184
Let o(b) = -3*b**3 + 534*b**2 - 4*b + 739. Give o(178).
27
Let a(o) = o**2 - 15*o - 688013. What is a(-822)?
1
Let g(v) = 4*v**3 - 450*v**2 - 826*v + 16153. Give g(114).
-35
Let a(c) = 309*c + 12408. What is a(-40)?
48
Let r(s) = -507*s**2 - 270*s - 269. Determine r(-1).
-506
Let g(l) = -92*l - 3393. Calculate g(-36).
-81
Let x(c) = c**3 + 14*c**2 - 12533*c - 200216. Calculate x(-16).
-200
Let x(d) = 434*d**3 + 7*d**2 - 5*d - 3. Determine x(1).
433
Let z(h) = -2*h**3 - 1259*h**2 - 7487*h - 27. Determine z(-6).
3
Let a(t) = 65*t**2 + 1863*t - 678. Calculate a(-29).
-40
Let i(q) = -6*q**3 + 41*q**2 + 289*q - 1872. Determine i(8).
-8
Let t(l) = l**2 + 94*l + 172. What is t(-3)?
-101
Let d(r) = 29959*r - 539267. Determine d(18).
-5
Let b(v) = -3*v**2 + 416*v + 17843. Calculate b(173).
24
Let d(m) = 200156*m - 1200912. What is d(6)?
24
Let b(z) = 179*z**2 + 831*z - 521. Give b(-5).
-201
Let q(u) = 561*u - 98724. What is q(176)?
12
Let n(z) = -440*z + 4070. Give n(8).
550
Let h(l) = 34*l**3 - 134*l**2 + 2*l - 45. Calculate h(4).
-5
Let a(d) = 1392*d + 53. Calculate a(1).
1445
Let s(u) = 2*u**2 - 492*u + 13406. Calculate s(30).
446
Let n(o) = -o**2 - 31*o + 4132. What is n(51)?
-50
Let p(k) = 23*k**3 + 120*k**2 + 34*k + 1. What is p(-5)?
-44
Let h(k) = -2530*k + 39382. Determine h(16).
-1098
Let r(n) = 2452*n - 760116. Calculate r(310).
4
Let y(p) = -2*p**2 - 10340*p + 648770. Calculate y(62).
2
Let i(m) = 17778*m - 1078. Determine i(0).
-1078
Let k(j) = 196012*j - 6468348. Give k(33).
48
Let i(q) = -q**3 - 159*q**2 - 6184*q + 283. Calculate i(-68).
11
Let f(m) = -941*m + 4845. Calculate f(6).
-801
Let o(l) = -l**3 - 28*l**2 - 200*l - 115. Give o(-12).
-19
Let k(d) = -13*d**3 + 5*d**2 + 18*d - 22. Determine k(-4).
818
Let f(c) = 2973*c - 80283. Calculate f(27).
-12
Let z(v) = v**2 + 320*v - 1879. Determine z(6).
77
Let r(o) = 649*o + 8231. Determine r(-12).
443
Let b(f) = 2*f**3 + 208*f**2 + 2771*f + 241019. Calculate b(-102).
-7
Let p(h) = 2*h**3 + 38*h**2 - 11*h - 294. What is p(-19)?
-85
Let c(r) = 2*r**3 + 822*r**2 + 214*r + 427681. Determine c(-412).
25
Let s(r) = -72*r**2 + 669*r + 3363. Give s(-5).
-1782
Let f(t) = 46*t - 4222. Calculate f(92).
10
Let k(t) = 2*t**2 + 6672*t - 235951. Give k(35).
19
Let x(w) = -3993*w + 1557275. What is x(390)?
5
Let j(g) = g**3 - 3*g**2 - 253*g + 63. Calculate j(18).
369
Let c(g) = 26*g**2 + 1827*g - 3237. What is c(-72)?
3
Let q(t) = -1548*t - 4661. Determine q(-3).
-17
Let j(w) = 419*w**2 - 3780*w + 77. Calculate j(9).
-4
Let j(i) = 299*i**2 - 371*i + 1387. Give j(4).
4687
Let g(h) = -h**3 - 233*h**2 + 2728*h - 492. Determine g(11).
-8
Let o(h) = -398344*h**2 - 1991718*h + 10. Determine o(-5).
0
Let y(k) = -27*k**2 + 17012*k + 17011. What is y(-1)?
-28
Let g(i) = -i**2 - 182*i - 4381. Determine g(-25).
-456
Let o(c) = -30*c + 7806. Determine o(43).
6516
Let r(o) = 52*o**3 + 156*o**2 + 6*o + 1. What is r(-3)?
-17
Let b(z) = -6*z**2 + 1608*z + 24468. Give b(-15).
-1002
Let y(d) = -389*d**2 + 607*d - 607. What is y(1)?
-389
Let x(f) = 3*f**3 - 5*f**2 + 94*f - 313. Calculate x(5).
407
Let h(j) = -2*j**2 + 3381*j - 40488. Determine h(12).
-204
Let l(u) = 2*u**3 - 14*u**2 - 42*u + 767. Give l(6).
443
Let x(h) = 29108*h + 116411. Calculate x(-4).
-21
Let x(j) = -27*j**2 + 142*j + 7